+ 0*i + i. Give t(v).
-12
Suppose 49*c - 120 = 125. Let n(f) be the third derivative of 1/8*f**4 - 1/60*f**c + 1/3*f**3 + 0 + 0*f - f**2. What is n(4)?
-2
Let f(i) = 7*i + 12. Let h(g) = 15*g + 25. Let d = 21 + -15. Let c(v) = d*h(v) - 13*f(v). Give c(-7).
1
Let w be (-2)/(3 + (-5)/2). Let g(i) = 4*i + 9. Let q(j) = j. Let s(h) = g(h) - 3*q(h). What is s(w)?
5
Let v(a) be the first derivative of 7 + 3/2*a**2 - 6*a. Calculate v(5).
9
Let k(t) = -7*t**3 + 14*t**2 + 15*t - 15. Let j(o) = -11*o**3 + 21*o**2 + 22*o - 22. Let v(i) = 5*j(i) - 8*k(i). Determine v(8).
-6
Let r(o) = -o**3 - o**2. Let u(d) be the first derivative of -d**4 - 4*d**3/3 - d**2/2 + 4*d + 1. Let x(f) = 5*r(f) - u(f). Give x(0).
-4
Let s(g) = -2*g - 2. Let z(l) = -4*l - 34. Let k be z(-9). Calculate s(k).
-6
Let i(v) = -20*v**3 - v**2 - 4*v + 5. Let u(b) = 19*b**3 + b**2 + 3*b - 4. Let k = -23 - -26. Let p(j) = k*i(j) + 4*u(j). Calculate p(1).
16
Let w(f) be the second derivative of f**4/12 - 5*f**3/2 - 11*f**2/2 - 15*f + 10. What is w(12)?
-47
Let h be (21/14)/(2/4). Suppose x + h = -0*x, -3 = 5*b + x. Let y(p) be the second derivative of p**4/12 + p**3/6 - 6*p**2 - p. Give y(b).
-12
Suppose 240*y - 251*y = 33. Let l(z) = -3*z**3 - 4*z**2 - 14*z + 23. Let m(k) = k**3 + k**2 + 5*k - 8. Let o(t) = -4*l(t) - 11*m(t). What is o(y)?
11
Let t = 1396 - 1385. Let h(r) = 4*r - 43. Give h(t).
1
Let n(c) = -c**3 - 5*c**2 - 4*c. Let z(r) = -10*r. Let s be z(1). Let d(y) = y**2 + 8*y - 24. Let v be d(s). Determine n(v).
0
Let q(b) = 3*b**3 - 6*b**2 + 2*b - 2. Let x(z) = 4*z**3 - 6*z**2 + z - 1. Let t(p) = 3*q(p) - 2*x(p). Let r be (5/(-2))/((-242)/484). Give t(r).
-9
Let m(t) = t**3 - 8*t**2 - 8*t - 7. Suppose 12 - 47 = -5*l. Let w(s) = s**3 - 7*s**2 + 2*s - 5. Let q be w(l). Determine m(q).
2
Let z(t) = -t**2 - 5*t + 1. Suppose 2*k - 32 = -38. Let f be ((-9)/k - (6 + -4))*-5. Calculate z(f).
1
Let r(v) = -v**3 + 3*v**2 + 6*v - 3. Let l be r(4). Let q(c) = 3*c**2 + c**3 - c - 9*c**2 + c**2. What is q(l)?
-5
Suppose 5*k - 18 = m, -k - 5*m - 3 = 3*k. Let c(z) = z**3 - 2*z**2 - 5*z + 5. What is c(k)?
-1
Let r(g) = -g**2 - g + 1. Let t(z) = -z**3 + 3*z**2 - 3*z - 2. Let f = -27 + 26. Let k(j) = f*t(j) + 3*r(j). Calculate k(6).
5
Suppose 6*k = 136 - 112. Let d(p) = -p**3 + 5*p**2 + 4. Calculate d(k).
20
Let w(t) = t**3 - 4*t**2 + 4*t - 10. Let k = 752 - 747. Determine w(k).
35
Suppose 2*q + 6 = -2. Let b(k) = k - 1. Let v(n) = -8*n + 16. Let g(u) = -10*b(u) - v(u). Let d be g(q). Let s(h) = -h + 1. Give s(d).
-1
Suppose -2*a + 4 + 22 = 4*j, -33 = -2*j - 5*a. Let q(w) = -w**3 + 4*w**2 - 2. Calculate q(j).
-2
Let y(w) be the third derivative of w**6/120 - w**5/20 + w**4/12 - w**3/2 - 10*w**2 + 1. Let g be ((-2)/(-3))/(3/9). Give y(g).
-3
Suppose 3*s - 4*v - 12 = 0, -3*s - 4 = -5*v - 19. Let z = -2 - -4. Suppose -4*a = -z*l + 3 + 15, -4*l - 2*a - 14 = s. Let w(b) = 12*b - 1. Determine w(l).
-13
Let c(t) = 1 - 1 + t + 2. Let j(q) = -4 - 13 + 16. Let x(b) = -c(b) - 2*j(b). Calculate x(-7).
7
Let o(t) = -t + 7. Let g be o(6). Suppose c - 2*c = -4*u - 18, -34 = -3*c + 2*u. Let f(p) = -c*p**2 + 12*p**2 + 0 - 8*p**2 + 1 - 2*p. Determine f(g).
-7
Let s(u) = u**3 - u**2 + u + 1. Let n(i) = -5*i**3 + 8*i**2 + 5. Let o(j) = -n(j) - 4*s(j). Let a be o(5). Let y(b) = -b**3 - 5*b**2 - 5*b - 5. Determine y(a).
-1
Let m(j) be the third derivative of j**4/4 + j**2. Let h = -41 + 84. Let i = h + -44. Give m(i).
-6
Let n(v) = -5*v + 25. Let z be n(7). Let c(q) = q**2 + 8*q - 14. Determine c(z).
6
Suppose 2*n = -3*n + 15. Let k(x) be the second derivative of x**6/240 - x**5/30 + 7*x**4/12 - 9*x. Let t(b) be the third derivative of k(b). Determine t(n).
5
Let c(d) = -d**3 - 30*d**2 - 105*d - 30. Let p be c(-26). Let o(j) = 5*j - 4. Calculate o(p).
-24
Suppose -2*j = -7*j - 20. Let r(d) be the third derivative of 0 + 0*d - 1/15*d**5 + 31*d**2 + 1/3*d**3 + 5/24*d**4 - 1/120*d**6. Give r(j).
-18
Let q(g) be the first derivative of 6 - 1/3*g**3 + 0*g**4 + 0*g + 5/2*g**2 - 1/30*g**5. Let p(r) be the second derivative of q(r). Give p(-2).
-10
Suppose -2 = 3*g - 8. Suppose 5*h + 2*o - 15 = 0, -2*h + 5*h + 2*o - 9 = 0. Let v(x) = 0*x**g - x**h - x**2 + 3*x**2 + 2*x**2. Give v(4).
0
Let k(l) be the first derivative of l**2 + 16*l - 260. Calculate k(0).
16
Suppose h + 2 = 4. Let d(z) = -h*z - 10 - 4*z + 5*z + 5*z. Let v(t) = -3*t + 9. Let p(g) = 5*d(g) + 6*v(g). Determine p(-6).
-8
Let d(k) = -k + 18 - 18 + 1. Determine d(5).
-4
Let g be (0 - 1)/((-1)/4). Let z(i) = -i + 2*i**2 - 3*i**3 - g*i**2 + 0*i**2. Let x(r) = r**3 + 18*r**2 + 37*r + 79. Let o be x(-16). What is z(o)?
2
Let a(r) be the first derivative of -r**3/3 + 8*r**2 + 3*r + 1. Let z be a(15). Let q = z + -23. Let k(y) = -y**2 - 6*y - 5. Give k(q).
0
Let p = 4273 + -4279. Let o(f) = 2 + f**2 + 6*f**2 + f**3 - f**2. Calculate o(p).
2
Let q(w) = w**2 - 6*w - 6. Let r be (7/(-4)*-2)/((-4)/(-8)). Let d be q(r). Let c(z) = -5*z - 1. What is c(d)?
-6
Let v be 8/2 + (-96)/(-3). Let y = 38 - v. Let q(f) be the third derivative of f**5/20 - f**4/6 + f**3/3 + 5*f**2. What is q(y)?
6
Let f be 1/(405/99 + -4). Let n(d) = -2*d + 18. Determine n(f).
-4
Suppose 16*m - 8 = 8. Let n(j) = -11*j**2 - j. Calculate n(m).
-12
Let k(b) be the second derivative of 1/120*b**5 + 0 + 0*b**4 - 1/6*b**3 + 7*b - 1/360*b**6 + 0*b**2. Let z(j) be the second derivative of k(j). Give z(-1).
-2
Let j(c) = 3*c + 93 + 97 - 281 + 98. Determine j(2).
13
Let s(z) be the second derivative of -z**4/12 + 29*z**3/6 - 12*z**2 - 24*z. Let m be s(28). Let i(d) = 0 + 3*d - 5*d**2 + d**3 + 0 + 3. Calculate i(m).
-1
Let i(c) = -2*c - 10. Let q(f) = -1. Let b(a) = i(a) - 6*q(a). Give b(-5).
6
Let u(t) = -7*t - 11. Let m be u(-1). Let y(i) = -i**3 - 5*i**2 - 3*i + 4. Determine y(m).
0
Let y = -84 - -88. Let x = 11 - 8. Let q(z) = -3 - z - x + 2*z - 3. Determine q(y).
-5
Suppose 2*d + 1708 = 4*h, -3*h + 391 = 4*d - 890. Let w(p) = -h + 429 + 0*p + 4*p + p**2. Give w(-5).
7
Let r(j) be the first derivative of -j**3/3 + 2*j**2 - 7*j - 8. Let z(v) be the first derivative of r(v). Calculate z(-3).
10
Let y(z) = 2*z**2 - 2*z - 2. Let u be y(2). Let b(c) = 5*c + 110*c**2 - 35*c**2 - 2 - 36*c**2 - 40*c**2. What is b(u)?
4
Let b(g) = g**2 + 9. Suppose 0 = -2*m + 8, 3*u + 2*m - 2 = 27. Suppose -u*s = -6*s. Determine b(s).
9
Suppose 4*s + 47 = 5*a, 0 = 5*a - 3*s - 23 - 26. Let l(f) = -f**3 + 12*f**2 - 11*f - 3. Calculate l(a).
-3
Let w(r) = 3*r - 2. Suppose 6*o + 168 = 30*o. Determine w(o).
19
Let u(q) = q + 5*q - 7*q + 1 + 2*q. Suppose -10*m - 8 = -6*m. Give u(m).
-1
Let v be (-24)/15 - 4/10. Let w be 56/16 + v/(-4). Suppose -w*z = -6*z - 8. Let y(g) = g + 3. Give y(z).
-1
Let c(n) = 6*n + 1. Let u = 24 - 2. Suppose 17*g + 5 = u*g. What is c(g)?
7
Let f(u) = -72*u**2 - 10 - 1 + 6*u + 73*u**2. Calculate f(-7).
-4
Let g(l) be the third derivative of -l**7/2520 + l**6/720 + l**5/40 - 5*l**4/12 - 15*l**2. Let o(v) be the second derivative of g(v). Give o(3).
-3
Let x(c) = c**3 + 6*c**2 + 6*c + 1. Let y be 14/(-21)*(-186)/4. Let n = 26 - y. What is x(n)?
-4
Let n(k) = -k**3 + 4*k**2 + 4*k - 3. Suppose -4*r = -3*r - 4, -3*r = -2*s - 6. Let t be 8/s*6/(-4). Let h be 6 + 0 + t - -2. Determine n(h).
13
Let n(m) = -m**3 + 5*m**2 - 2*m + 1. Suppose k = -2*j + 4 + 7, 2*j + 7 = 5*k. Give n(j).
9
Let p(m) = -5*m + m**2 - 2*m - 5*m + 11*m + 13*m**2. Calculate p(-1).
15
Let u(q) = 3*q**2 + 10*q + 6. Let p be u(-4). Suppose 2*h + 8 + p = 0. Let a = h + 5. Let g(l) = l + 2. Give g(a).
-4
Let c(f) = -f**2 + 2*f + 3. Suppose -5*o + 3 = 4*i, -i + 10*o = 13*o - 6. Give c(i).
-12
Let n(r) be the first derivative of -r**4/6 + 4*r + 3. Let l(s) be the first derivative of n(s). Let x(q) = -q**2. Let o(m) = 3*l(m) - 5*x(m). Determine o(3).
-9
Let c(f) = -f**3 + 19*f**2 - 3. Let v = -409 + 428. Calculate c(v).
-3
Let a(v) be the second derivative of 5*v**3/6 + 15*v**2/2 + 28*v + 2. Give a(-6).
-15
Let u be (2 - 2)*(6 - 35/7). Let q(w) = -w**3 - 3*w**2 + w - 2. Let z(m) = -6*m**3 - 16*m**2 + 6*m - 11. Let x(v) = -11*q(v) + 2*z(v). Give x(u).
0
Let h(a) = -4 - a**3 - 1 + 7 - 11*a**2 - 1 + 0*a - 9*a. Determine h(-10).
-9
Let i(w) = -14*w - 61. Let l be i(-5). Let h(g) = g**2 - 11*g + 5. Calculate h(l).
-13
Let h(n) = -21*n**3 - 31*n**3 - 4 + 51*n**3 - 